{"id":1271,"date":"2016-02-26T15:08:18","date_gmt":"2016-02-26T15:08:18","guid":{"rendered":"http:\/\/connection.modeltheme.com\/?page_id=1271"},"modified":"2026-03-21T13:09:43","modified_gmt":"2026-03-21T13:09:43","slug":"contact-us","status":"publish","type":"page","link":"https:\/\/www.liongarage.net\/index.php\/contact-us\/","title":{"rendered":"Contact us"},"content":{"rendered":"<div class=\"wpb-content-wrapper\"><p>[vc_row full_width=&#8221;stretch_row&#8221; css=&#8221;.vc_custom_1488525972667{margin-top: 0px !important;margin-bottom: 0px !important;padding-top: 30px !important;padding-bottom: 50px !important;background-color: #1f71d0 !important;}&#8221;][vc_column css=&#8221;.vc_custom_1488525875799{margin-top: 0px !important;margin-bottom: 0px !important;padding-top: 0px !important;padding-bottom: 0px !important;}&#8221;][vc_row_inner css=&#8221;.vc_custom_1467894712321{margin-bottom: 0px !important;padding-top: 45px !important;padding-bottom: 55px !important;}&#8221;][vc_column_inner][vc_custom_heading text=&#8221;Onar\u0131m ve Tasar\u0131m Fikirleri \u0130\u00e7in Bize Ula\u015f\u0131n&#8221; font_container=&#8221;tag:h1|font_size:36px|text_align:center|color:%23ffffff|line_height:30px&#8221; google_fonts=&#8221;font_family:Montserrat%3Aregular%2C700|font_style:700%20bold%20regular%3A700%3Anormal&#8221; css=&#8221;&#8221;][vc_custom_heading text=&#8221;&#8221; font_container=&#8221;tag:h3|font_size:18px|text_align:center|color:%23ffffff|line_height:16px&#8221; google_fonts=&#8221;font_family:Montserrat%3Aregular%2C700|font_style:400%20regular%3A400%3Anormal&#8221; css=&#8221;&#8221;][\/vc_column_inner][\/vc_row_inner][vc_row_inner css=&#8221;.vc_custom_1458739779194{margin-bottom: 40px !important;}&#8221;][vc_column_inner width=&#8221;1\/4&#8243;][vc_custom_heading text=&#8221;ADRES\u0130M\u0130Z&#8221; font_container=&#8221;tag:h4|text_align:center|color:%23ffffff&#8221; google_fonts=&#8221;font_family:Roboto%3A100%2C100italic%2C300%2C300italic%2Cregular%2Citalic%2C500%2C500italic%2C700%2C700italic%2C900%2C900italic|font_style:500%20bold%20regular%3A500%3Anormal&#8221; css=&#8221;&#8221;][vc_column_text css=&#8221;&#8221;]<\/p>\n<p style=\"text-align: center;\"><span style=\"color: #edece6;\">\u0130OSB Ba\u011fc\u0131lar G\u00fcng\u00f6ren San. Sit.<br \/>\n2. Blok No: 27 Ba\u015fak\u015fehir \u0130STANBUL<\/span><\/p>\n<p>[\/vc_column_text][\/vc_column_inner][vc_column_inner width=&#8221;1\/4&#8243;][vc_custom_heading text=&#8221;TELEFON&#8221; font_container=&#8221;tag:h4|text_align:center|color:%23ffffff&#8221; google_fonts=&#8221;font_family:Roboto%3A100%2C100italic%2C300%2C300italic%2Cregular%2Citalic%2C500%2C500italic%2C700%2C700italic%2C900%2C900italic|font_style:500%20bold%20regular%3A500%3Anormal&#8221; css=&#8221;&#8221;][vc_column_text css=&#8221;&#8221;]<\/p>\n<p style=\"text-align: center;\"><span style=\"color: #edece6;\">+90 506 989 66 56<\/span><\/p>\n<p>[\/vc_column_text][\/vc_column_inner][vc_column_inner width=&#8221;1\/4&#8243;][vc_custom_heading text=&#8221;E-MAIL&#8221; font_container=&#8221;tag:h4|text_align:center|color:%23ffffff&#8221; google_fonts=&#8221;font_family:Roboto%3A100%2C100italic%2C300%2C300italic%2Cregular%2Citalic%2C500%2C500italic%2C700%2C700italic%2C900%2C900italic|font_style:500%20bold%20regular%3A500%3Anormal&#8221; css=&#8221;&#8221;][vc_column_text css=&#8221;&#8221;]<\/p>\n<p style=\"text-align: center;\"><span style=\"color: #edece6;\">info@liongarage.net<\/span><\/p>\n<p>[\/vc_column_text][\/vc_column_inner][vc_column_inner width=&#8221;1\/4&#8243;][vc_custom_heading text=&#8221;SOSYAL MEDYA HESAPLARIMIZ&#8221; font_container=&#8221;tag:h4|text_align:center|color:%23ffffff&#8221; google_fonts=&#8221;font_family:Roboto%3A100%2C100italic%2C300%2C300italic%2Cregular%2Citalic%2C500%2C500italic%2C700%2C700italic%2C900%2C900italic|font_style:500%20bold%20regular%3A500%3Anormal&#8221; css=&#8221;&#8221;]<style>\n                        .widget_social_icons li a{\n                            padding:5px; \n                            margin:; \n                            color:#edece6; \n                            background:rgba(35,35,49,0.01); \n                            \n                        }\n                        .widget_social_icons li a:hover{\n                            padding:5px; \n                            margin:; \n                            color:#d6d3cf; \n                            background:; \n                            \n                        }\n                    <\/style><div class=\"sidebar-social-networks vc_social-networks widget_social_icons vc_row\" data-animate=\"pulse\"><ul class=\"vc_col-md-12\" style=\"text-align: center;\"><li><a href=\"RegistaEnt\"><i class=\"fa fa-twitter\"><\/i><\/a><\/li><li><a href=\"https:\/\/www.youtube.com\/@liongarage8167\"><i class=\"fa fa-youtube\"><\/i><\/a><\/li><li><a href=\"https:\/\/www.instagram.com\/liongaragetr\/?hl=en\"><i class=\"fa fa-instagram\"><\/i><\/a><\/li><\/ul><\/div>[\/vc_column_inner][\/vc_row_inner][\/vc_column][\/vc_row][vc_row full_width=&#8221;stretch_row_content_no_spaces&#8221; content_placement=&#8221;middle&#8221; css=&#8221;.vc_custom_1488525822956{margin-top: 0px !important;margin-right: 0px !important;margin-bottom: 0px !important;margin-left: 0px !important;padding-top: 0px !important;padding-right: 0px !important;padding-bottom: 0px !important;padding-left: 0px !important;background-image: url(http:\/\/diagnose.modeltheme.com\/wp-content\/uploads\/2016\/02\/pricing_style1_background.jpg?id=6225) !important;}&#8221;][vc_column width=&#8221;1\/2&#8243; css=&#8221;.vc_custom_1488525918135{margin-top: 0px !important;padding-top: 0px !important;}&#8221;]<div class=\"sbvcgmap-map-wrapper\" style=\"width:100%;height:600px\"><div class=\"sbvcgmap-map\" zoom=\"5\" maptype=\"ROADMAP\" panoramatogglebutton=\"no\" pancontrol=\"yes\" pancontrol_position=\"TOP_LEFT\" zoomcontrol=\"no\" zoomcontrol_position=\"TOP_LEFT\" zoomcontrolstyle=\"DEFAULT\" maptypecontrol=\"yes\" maptypecontrol_position=\"TOP_RIGHT\" streetviewcontrol=\"yes\" streetviewcontrol_position=\"TOP_LEFT\" overviewmapcontrol=\"yes\" overviewmapcontrolvisible=\"no\" maptypecontrolstyle=\"DEFAULT\" mapstyle=\"style-55\" weather=\"no\" traffic=\"no\" transit=\"no\" bicycle=\"no\" panoramio=\"no\" draggable=\"yes\" scrollwheel=\"no\" cplatitude=\"0\" cplongitude=\"0\" scalecontrol=\"yes\" searchtype=\"disabled\" searchradius=\"500\" searchiconanimation=\"NONE\" searchdirectiontext=\"\" reloadonresize=\"no\" clustering=\"no\" style=\"width:100%;height:600px\"><div class=\"sbvcgmap-marker\" data-lat=\"41.0772156\" data-lng=\"28.8001472\" infowindow=\"no\" icon=\"https:\/\/www.liongarage.net\/wp-content\/uploads\/2016\/02\/mt_diagnose_pin.png\" animation=\"DROP\" customstyles=\"no\" >Here we are<\/div><\/div><\/div>[\/vc_column][vc_column width=&#8221;1\/2&#8243; css=&#8221;.vc_custom_1488526109792{margin-top: 0px !important;padding-top: 20px !important;padding-right: 60px !important;padding-bottom: 20px !important;padding-left: 60px !important;}&#8221;][vc_custom_heading text=&#8221;Bize Ula\u015f\u0131n&#8221; font_container=&#8221;tag:h1|font_size:36px|text_align:left|color:%23ffffff|line_height:30px&#8221; google_fonts=&#8221;font_family:Montserrat%3Aregular%2C700|font_style:700%20bold%20regular%3A700%3Anormal&#8221; css=&#8221;.vc_custom_1774097881891{padding-left: 10px !important;}&#8221;][vc_empty_space height=&#8221;40px&#8221;]<form method=\"POST\" class=\"row wow fadeInUp\" id=\"contact01_form\" novalidate=\"novalidate\"><div class=\"content\"><div class=\"vc_col-md-6 first_set_inputs\"><div class=\"first_name_input\"><span class=\"input input--kohana\"><label for=\"input-4\" class=\"input__label input__label--kohana\"><i class=\"fa fa-user icon icon--kohana\"><\/i><span class=\"input__label-content input__label-content--kohana\">First Name<\/span><\/label><input autocomplete=\"off\" type=\"text\" id=\"input-4\" class=\"input__field input__field--kohana\" name=\"user_first_name\"><\/span><\/div><div class=\"last_name_input\"><span class=\"input input--kohana\"><label for=\"input-8\" class=\"input__label input__label--kohana\"><i class=\"fa fa fa-user icon icon--kohana\"><\/i><span class=\"input__label-content input__label-content--kohana\">Last Name<\/span><\/label><input autocomplete=\"off\" type=\"text\" id=\"input-8\" class=\"input__field input__field--kohana\" name=\"user_last_name\"><\/span><\/div><\/div><div class=\"vc_col-md-6 first_set_inputs\"><div class=\"email_input\"><span class=\"input input--kohana\"><label for=\"input-5\" class=\"input__label input__label--kohana\"><i class=\"fa fa-envelope icon icon--kohana\"><\/i><span class=\"input__label-content input__label-content--kohana\">Email Address<\/span><\/label><input autocomplete=\"off\" type=\"email\" id=\"input-5\" class=\"input__field input__field--kohana\" name=\"user_email\"><\/span><\/div><div class=\"subject_input\"><span class=\"input input--kohana\"><label for=\"input-6\" class=\"input__label input__label--kohana\"><i class=\"fa fa-pencil-square-o icon icon--kohana\"><\/i><span class=\"input__label-content input__label-content--kohana\">Subject<\/span><\/label><input autocomplete=\"off\" type=\"text\" id=\"input-6\" class=\"input__field input__field--kohana\" name=\"user_subject\"><\/span><\/div><\/div><div class=\"vc_col-md-12 second_set_inputs\"><div class=\"message_input\"><span class=\"input input--kohana\"><label for=\"input-7\" class=\"input__label textarea__label input__label--kohana textarea__label--kohana\"><i class=\"fa fa-comments icon icon--kohana\"><\/i><span class=\"input__label-content input__label-content--kohana\">Message<\/span><\/label><input autocomplete=\"off\" type=\"text\" id=\"input-7\" class=\"input__field textarea__field input__field--kohana textarea__field--kohana\" name=\"user_message\"><\/span><\/div><\/div><div class=\"vc_col-md-3 contact_button text-center\">\n                  \n                  <button name=\"contact_me\" type=\"submit\" class=\"vc_general vc_btn3 vc_btn3-size-md vc_btn3-shape-rounded vc_btn3-style-custom\" style=\"background-color:#1f71d0; color:#ffffff;\">Contact us<\/button><\/div><\/div><\/form>[\/vc_column][\/vc_row]<\/p>\n<\/div>","protected":false},"excerpt":{"rendered":"<p>[vc_row full_width=&#8221;stretch_row&#8221; css=&#8221;.vc_custom_1488525972667{margin-top: 0px !important;margin-bottom: 0px !important;padding-top: 30px !important;padding-bottom: 50px !important;background-color: #1f71d0 !important;}&#8221;][vc_column css=&#8221;.vc_custom_1488525875799{margin-top: 0px !important;margin-bottom: 0px !important;padding-top: 0px !important;padding-bottom: 0px !important;}&#8221;][vc_row_inner css=&#8221;.vc_custom_1467894712321{margin-bottom: 0px !important;padding-top: 45px !important;padding-bottom: 55px !important;}&#8221;][vc_column_inner][vc_custom_heading text=&#8221;Onar\u0131m ve Tasar\u0131m Fikirleri \u0130\u00e7in Bize Ula\u015f\u0131n&#8221; font_container=&#8221;tag:h1|font_size:36px|text_align:center|color:%23ffffff|line_height:30px&#8221; google_fonts=&#8221;font_family:Montserrat%3Aregular%2C700|font_style:700%20bold%20regular%3A700%3Anormal&#8221; css=&#8221;&#8221;][vc_custom_heading text=&#8221;&#8221; font_container=&#8221;tag:h3|font_size:18px|text_align:center|color:%23ffffff|line_height:16px&#8221; google_fonts=&#8221;font_family:Montserrat%3Aregular%2C700|font_style:400%20regular%3A400%3Anormal&#8221; css=&#8221;&#8221;][\/vc_column_inner][\/vc_row_inner][vc_row_inner css=&#8221;.vc_custom_1458739779194{margin-bottom: 40px !important;}&#8221;][vc_column_inner width=&#8221;1\/4&#8243;][vc_custom_heading text=&#8221;ADRES\u0130M\u0130Z&#8221; font_container=&#8221;tag:h4|text_align:center|color:%23ffffff&#8221; google_fonts=&#8221;font_family:Roboto%3A100%2C100italic%2C300%2C300italic%2Cregular%2Citalic%2C500%2C500italic%2C700%2C700italic%2C900%2C900italic|font_style:500%20bold%20regular%3A500%3Anormal&#8221; css=&#8221;&#8221;][vc_column_text css=&#8221;&#8221;] \u0130OSB Ba\u011fc\u0131lar G\u00fcng\u00f6ren [&hellip;]<\/p>\n","protected":false},"author":1,"featured_media":0,"parent":0,"menu_order":0,"comment_status":"closed","ping_status":"closed","template":"","meta":{"footnotes":""},"class_list":["post-1271","page","type-page","status-publish","hentry"],"_links":{"self":[{"href":"https:\/\/www.liongarage.net\/index.php\/wp-json\/wp\/v2\/pages\/1271","targetHints":{"allow":["GET"]}}],"collection":[{"href":"https:\/\/www.liongarage.net\/index.php\/wp-json\/wp\/v2\/pages"}],"about":[{"href":"https:\/\/www.liongarage.net\/index.php\/wp-json\/wp\/v2\/types\/page"}],"author":[{"embeddable":true,"href":"https:\/\/www.liongarage.net\/index.php\/wp-json\/wp\/v2\/users\/1"}],"replies":[{"embeddable":true,"href":"https:\/\/www.liongarage.net\/index.php\/wp-json\/wp\/v2\/comments?post=1271"}],"version-history":[{"count":12,"href":"https:\/\/www.liongarage.net\/index.php\/wp-json\/wp\/v2\/pages\/1271\/revisions"}],"predecessor-version":[{"id":6934,"href":"https:\/\/www.liongarage.net\/index.php\/wp-json\/wp\/v2\/pages\/1271\/revisions\/6934"}],"wp:attachment":[{"href":"https:\/\/www.liongarage.net\/index.php\/wp-json\/wp\/v2\/media?parent=1271"}],"curies":[{"name":"wp","href":"https:\/\/api.w.org\/{rel}","templated":true}]}}